{"id":1006,"date":"2021-10-05T21:10:46","date_gmt":"2021-10-05T19:10:46","guid":{"rendered":"https:\/\/sorenga.com\/sorenga5\/?page_id=1006"},"modified":"2021-10-05T21:10:46","modified_gmt":"2021-10-05T19:10:46","slug":"sykkelrom","status":"publish","type":"page","link":"https:\/\/sorenga.com\/sorenga5\/sykkelrom\/","title":{"rendered":"Sykkelrom"},"content":{"rendered":"\n<p>Sameiet har to sykkelrom der beboere kan plassere sykler de bruker til vanlig. Sykkelrommene ligger p\u00e5 etasje 0 ved inngangen mot havnepromenaden. Det ene ligger til venstre for inngangen n\u00e5r du g\u00e5r inn, ved siden av kajakkrommet. Det andre til h\u00f8yre for inngangen n\u00e5r du g\u00e5r inn, forbi trappen, inn d\u00f8ren til venstre. Det innerste sykkelrom har ogs\u00e5 arbeidsbenk, verkt\u00f8y og mekkestativ for \u00e5 gj\u00f8re service p\u00e5 syklene.<\/p>\n\n\n\n<p>Det er ikke faste plasser i sykkelrommene. Hvis du bruker sykkelen sjelden oppfordres du til \u00e5 bruke de \u00f8verste stativene. For \u00e5 f\u00e5 tilgang til sykkelrommene brukes de samme brikkene som til inngangsd\u00f8rene.<\/p>\n","protected":false},"excerpt":{"rendered":"<p>Sameiet har to sykkelrom der beboere kan plassere sykler de bruker til vanlig. Sykkelrommene ligger p\u00e5 etasje 0 ved inngangen mot havnepromenaden. Det ene ligger til venstre for inngangen n\u00e5r du g\u00e5r inn, ved siden av kajakkrommet. Det andre til h\u00f8yre for inngangen n\u00e5r du g\u00e5r inn, forbi trappen, inn d\u00f8ren til venstre. Det innerste [&hellip;]<\/p>\n","protected":false},"author":21,"featured_media":0,"parent":0,"menu_order":0,"comment_status":"closed","ping_status":"closed","template":"","meta":[],"_links":{"self":[{"href":"https:\/\/sorenga.com\/sorenga5\/wp-json\/wp\/v2\/pages\/1006"}],"collection":[{"href":"https:\/\/sorenga.com\/sorenga5\/wp-json\/wp\/v2\/pages"}],"about":[{"href":"https:\/\/sorenga.com\/sorenga5\/wp-json\/wp\/v2\/types\/page"}],"author":[{"embeddable":true,"href":"https:\/\/sorenga.com\/sorenga5\/wp-json\/wp\/v2\/users\/21"}],"replies":[{"embeddable":true,"href":"https:\/\/sorenga.com\/sorenga5\/wp-json\/wp\/v2\/comments?post=1006"}],"version-history":[{"count":1,"href":"https:\/\/sorenga.com\/sorenga5\/wp-json\/wp\/v2\/pages\/1006\/revisions"}],"predecessor-version":[{"id":1007,"href":"https:\/\/sorenga.com\/sorenga5\/wp-json\/wp\/v2\/pages\/1006\/revisions\/1007"}],"wp:attachment":[{"href":"https:\/\/sorenga.com\/sorenga5\/wp-json\/wp\/v2\/media?parent=1006"}],"curies":[{"name":"wp","href":"https:\/\/api.w.org\/{rel}","templated":true}]}}